5
Let t(i) = -i + 23. Let h be t(15). What is the tens digit of (-9)/(21/h - 3)?
2
Suppose -5*m = 28 - 1608. Suppose a + 3*a = m. Let s = a + -51. What is the tens digit of s?
2
Suppose 4*s - 2*d - 6 = -0*d, -4*d + 24 = s. Suppose -s*k - 4*f + 256 = 0, 4*k - 182 = k + 2*f. Let c = -33 + k. What is the units digit of c?
9
Suppose -2*y - 4*o = 4, 3*y - 1 - 37 = 5*o. Let s(m) = 3*m + 4. What is the tens digit of s(y)?
2
What is the units digit of (-222)/(-24)*292 + (0 - -4)?
5
Suppose 0 = -5*u - 0*q + 4*q + 33, q + 2 = 0. Suppose 5*j + 3*w - 147 = w, 2*j - u*w - 82 = 0. What is the tens digit of j?
3
Suppose -9*j + 36*j - 73710 = 0. What is the hundreds digit of j?
7
Let k = 1106 - 533. What is the hundreds digit of k?
5
Let v = -14 - -10. Let z(h) = h**3 + 8*h**2 + 3*h + 5. Let g be z(v). Suppose -2*n - 57 = -3*y, -3*y + 5*n = -0*y - g. What is the tens digit of y?
1
Let p = -2228 + 5086. What is the units digit of p?
8
Suppose 2*g = 4*g + 4. Let a(d) = d**3 - 2*d**2 - d - 3. Let z be a(3). What is the units digit of 63/z + (g - 0)?
9
Let j = -78 + 92. Suppose j*i = 15*i - 105. What is the units digit of i?
5
Let g be (-2496)/(-160) + (-2)/(-5). Suppose g*q - 627 = 13*q. What is the hundreds digit of q?
2
Let a(m) = 7*m**2 - 8*m - 1. Suppose -20 = 26*i - 22*i. What is the units digit of a(i)?
4
Let p be (24/6)/4*43. Suppose 0*y + 39 = -3*y. Let k = y + p. What is the tens digit of k?
3
Let i(j) = -3*j**3 + 20*j**2 + 47*j - 55. What is the tens digit of i(-10)?
7
Suppose 17666 = 43*y - 30322. What is the hundreds digit of y?
1
Let z(j) = -j**3 + 5*j**2 - 15*j - 46. What is the thousands digit of z(-10)?
1
Let f(p) = p**2 - p. Let q be f(1). Suppose 0 = -a - 2*j - 17, q = -4*a + 5*a - j + 2. What is the tens digit of (-446)/a + (-4)/(-14)?
6
What is the units digit of -47 + 414 + 1*-2?
5
What is the units digit of 7 - (104/(-1) - 7 - -3)?
5
Let q be 1/5 - (128/10)/4. What is the units digit of (-782)/(-6) + q/9?
0
Let t(b) = -b**3 - b**2 + 2*b. Let p be t(-2). Suppose -2*a - 38 + 148 = p. What is the units digit of a?
5
Suppose 0 = -47*n + 20974 + 4876. What is the tens digit of n?
5
Suppose -356580 = -6*y - 78*y. What is the tens digit of y?
4
Let c be (-2 + 1)/(8/560). Let p = 66 - c. What is the tens digit of p?
3
Suppose 4*i - i - 3*z = 9, 4*i - 3*z = 9. Suppose j - 9 = n, 0 = -10*n + 5*n + 4*j - 46. Let g = i - n. What is the tens digit of g?
1
Suppose 0 = -2*d - 5*p - 186, 0 = -p + 5 - 1. Let q = -57 - d. What is the tens digit of q?
4
Let z be ((-9)/(-6) - -2)*-8. Let b = z + 37. What is the units digit of b?
9
Suppose -2*h - 4*p = p - 9, 5*h - 14 = -4*p. Suppose -i = 5*g - 410, -i - 3 = h. Let w = g - 33. What is the tens digit of w?
5
Let s = -2049 + 4336. What is the tens digit of s?
8
Let r(k) = -11*k**2 - 3*k - k**3 + 4*k + 0*k**2 + 2 - 9. What is the tens digit of r(-12)?
2
What is the units digit of 86 + (-1 - -16)*1/(-3)?
1
Let x be 110/(-25)*15/(-6). Let g = x - 7. Suppose -g*o = -61 - 35. What is the units digit of o?
4
Suppose t - 2*t = -3*x + 4, -2*x = -2*t. Suppose -k - 186 = -2*o, -5*o + t*o = 3*k - 279. What is the tens digit of o?
9
Suppose -8*i + 3*i = 150. Let y = i - -69. What is the tens digit of y?
3
Suppose -12 = 4*l - 8*l. Suppose 14 = -l*k + 5*k. What is the units digit of k?
7
Let d(r) = r**2 + r - 2. Let l be d(2). Suppose 0 = -l*b + 12*b - 1128. What is the tens digit of b?
4
Let y(h) = -170*h**3 - 1. Let i be y(-1). Suppose 31 = -6*t + i. What is the tens digit of t?
2
Suppose 0 = -2*u - 1 + 7. Suppose 3*j - 4*r + 145 = 0, u*j - 12 = -5*r - 175. What is the units digit of 3/(-6) - j/2?
5
Suppose 2*h = 3*j + 407, -4*j - 7 + 3 = 0. Let b = h - 114. What is the units digit of b?
8
Let q(c) = 22*c**2 - 3*c - 55. What is the units digit of q(11)?
4
Let r be 1480/25*(7 + -2). Suppose -4*n = -r - 784. What is the tens digit of n?
7
Let t(l) = -l**2 + 31*l - 2. Let b be 9 - 7 - 22/(-1). What is the hundreds digit of t(b)?
1
Let t(p) = -p - 5. Let r be t(-17). Let m = r + 118. What is the hundreds digit of m?
1
Let f(w) = 4*w - 17*w**2 + 185 - 168 + 13*w + w**3. What is the tens digit of f(16)?
3
Suppose -t = -2 - 3. Suppose 0*i + 550 = t*i. Let h = -56 + i. What is the tens digit of h?
5
Let c = -1030 - -1759. What is the tens digit of c?
2
Suppose -18 = 7*x - 81. Suppose -x = c - 122. What is the hundreds digit of c?
1
Suppose 0 = 3*w - 9*w - 66. Let x(l) = -11*l - 22. What is the tens digit of x(w)?
9
Let h be (-1)/5 + 695/(-25). Let x(i) = 46*i + 1. Let p be x(1). Let q = h + p. What is the units digit of q?
9
Let g = 11 - 10. Suppose -3*t + l + 0*l - g = 0, 2*l - 2 = -2*t. Suppose 0 = r - t*r - 9. What is the units digit of r?
9
Let c(w) = -w**2 + 9*w - 7. Let b(z) = -z**3 - 7*z**2 + 8*z + 7. Let r be b(-8). Let d be c(r). Let k = 7 + d. What is the tens digit of k?
1
Let p(s) = s**3 + 11*s**2 + 9*s - 8. Let q be p(-10). Let v(j) = -3*j**q + 7*j + 3*j**2 - 1 - 6 + j**2. What is the tens digit of v(5)?
5
Let d = 1496 - -682. What is the hundreds digit of d?
1
Let j = 49 + -31. Let c(p) = -p**2 + 27*p - 40. What is the units digit of c(j)?
2
Suppose c - 1850 = -3*f, 3*f - 4910 = -5*c + 4352. What is the thousands digit of c?
1
Let n = 69 - 60. Suppose -247 - 1301 = -n*y. What is the hundreds digit of y?
1
Let h be (3/(-1))/((-6)/640). Suppose 2*a = i - 52, -h = -6*i + i - 5*a. What is the units digit of (-2)/(-3)*i/8?
5
Let p(r) = -37*r + 2. Let b be p(-4). Let f = 215 - b. What is the tens digit of f?
6
Let g = 7 - 2. Suppose -3*y = -g*y + 22. Suppose -5 = b - y. What is the units digit of b?
6
Let v(r) = 243*r - 2. What is the tens digit of v(9)?
8
Let s(y) = 2*y**3 - y + 4. Let i be s(0). Suppose 2*x - i*g = -0*x + 52, 4*x - 5*g = 95. What is the units digit of x?
0
Let c(y) = -3*y + 12. Let i be c(8). What is the units digit of (-30)/(-3) + i/6?
8
Let h = 4942 + 1338. What is the hundreds digit of h?
2
Let b = 0 - -7. Let w be 49/b*6/(-7). What is the tens digit of (2/w)/((-3)/207)?
2
Suppose t - 5*q = -t - 50, -3*t - 57 = -3*q. Let p be (-268)/(-20) - (-6)/t. Suppose 39 = u + p. What is the units digit of u?
6
Let o be (-2)/(-2)*-11*3. Let a be (-8)/44 + (-3042)/o. What is the tens digit of ((-2)/(-4))/(2/a)?
2
Let a be (-6)/(-30) + (-57)/(-15). Let y be 46/a - 3/(-2). Let p = y - -17. What is the units digit of p?
0
Let s(m) = -m**3 - 13*m**2 - 19*m - 38. Let v be s(-13). Suppose 7*t = 372 + v. What is the units digit of t?
3
Suppose 0 = 2*m + m + j + 653, 0 = -5*j + 20. Suppose 0 = -4*s + 7*s + 18. What is the tens digit of m/(-6) + 3/s?
3
Let l(u) = -5*u**2 + 4*u - 56. Let h(i) = 4*i**2 - 3*i + 57. Let f(j) = 4*h(j) + 3*l(j). What is the tens digit of f(0)?
6
Suppose i - 12 = -2*k - 3*i, 0 = 5*k + 5*i - 20. Suppose 2*q + k*q = 212. What is the units digit of q?
3
Suppose 0 = m - 4*k - 3931, 3*k + 11227 = 4*m - 4432. What is the tens digit of m?
1
Suppose -27 + 107 = -4*m. Let u = 23 - m. What is the units digit of u?
3
Suppose -3*q + 671 = -x, 10*q - 6*q - 2*x = 896. What is the hundreds digit of q?
2
Suppose 3*s = -2*s. Suppose s = 12*d - 5*d - 763. What is the hundreds digit of d?
1
Let x be 26/13*20/(-2). What is the units digit of (48/14)/(x/(-140))?
4
Suppose -c - 5*k + 17 = 3*c, -c = -2*k - 1. Suppose 4*l + 0*b - 4*b - 672 = 0, 4*l + c*b - 658 = 0. What is the units digit of l?
6
Let a(f) = -f**3 - 16*f**2 - 14*f - 6. Let l be a(-15). Let k = -14 - l. What is the units digit of k?
7
Suppose 0 = -3*l + 2 + 10, 2*l + 4 = 3*s. Suppose o = c - s, -c - 8 = 6*o - 4*o. What is the tens digit of (15/(-9))/(o/36)?
1
Suppose -6*w + 10 + 2 = 0. What is the units digit of -1 - (w + -9 + 2)?
4
Suppose -2*b - b = -3*i + 243, i + b = 81. Let u = i + -80. What is the units digit of u?
1
Let l(s) be the second derivative of 0 + 11/2*s**2 + s + 2/3*s**3. What is the tens digit of l(13)?
6
Suppose 219977 + 47188 = 45*j. What is the units digit of j?
7
Let j(f) = 3*f**3 - 2*f**2 + f + 4. Let g = 0 + 2. What is the units digit of j(g)?
2
Suppose -15*h = -5127 - 483. What is the hundreds digit of h?
3
Let c be 1/(2/6) + 0. Suppose -c*n + 4*n = -5*f - 13, -4*n = -4*f - 20. Suppose 5*w - 5*s - 71 = -s, 4*w = -n*s + 62. What is the tens digit of w?
1
Suppose -7*t + 40778 - 14801 = 0. What is the units digit of t?
1
Suppose -